{"id":137,"date":"2015-12-14T12:22:56","date_gmt":"2015-12-14T12:22:56","guid":{"rendered":"http:\/\/sedes.org.br\/site\/\/?page_id=137"},"modified":"2026-03-10T08:13:36","modified_gmt":"2026-03-10T11:13:36","slug":"espec-aperf-online","status":"publish","type":"page","link":"https:\/\/sedes.org.br\/site\/cursos\/espec-aperf-online\/","title":{"rendered":"Especializa\u00e7\u00e3o e Aperfei\u00e7oamento<\/BR>ONLINE<!--<\/br><\/br><span style=\"color: #00ccff;\">Inscri\u00e7\u00f5es abertas para 2026!!<\/span>-->"},"content":{"rendered":"<!DOCTYPE html PUBLIC \"-\/\/W3C\/\/DTD HTML 4.0 Transitional\/\/EN\" \"http:\/\/www.w3.org\/TR\/REC-html40\/loose.dtd\">\n<html><body><p>Em breve.<\/p>\n<\/body><\/html>\n","protected":false},"excerpt":{"rendered":"<p>Em breve.<\/p>\n","protected":false},"author":4,"featured_media":0,"parent":143,"menu_order":0,"comment_status":"closed","ping_status":"closed","template":"page-cursos-por-categoria.php","meta":[],"_links":{"self":[{"href":"https:\/\/sedes.org.br\/site\/wp-json\/wp\/v2\/pages\/137"}],"collection":[{"href":"https:\/\/sedes.org.br\/site\/wp-json\/wp\/v2\/pages"}],"about":[{"href":"https:\/\/sedes.org.br\/site\/wp-json\/wp\/v2\/types\/page"}],"author":[{"embeddable":true,"href":"https:\/\/sedes.org.br\/site\/wp-json\/wp\/v2\/users\/4"}],"replies":[{"embeddable":true,"href":"https:\/\/sedes.org.br\/site\/wp-json\/wp\/v2\/comments?post=137"}],"version-history":[{"count":28,"href":"https:\/\/sedes.org.br\/site\/wp-json\/wp\/v2\/pages\/137\/revisions"}],"predecessor-version":[{"id":10302,"href":"https:\/\/sedes.org.br\/site\/wp-json\/wp\/v2\/pages\/137\/revisions\/10302"}],"up":[{"embeddable":true,"href":"https:\/\/sedes.org.br\/site\/wp-json\/wp\/v2\/pages\/143"}],"wp:attachment":[{"href":"https:\/\/sedes.org.br\/site\/wp-json\/wp\/v2\/media?parent=137"}],"curies":[{"name":"wp","href":"https:\/\/api.w.org\/{rel}","templated":true}]}}

Especialização e Aperfeiçoamento</BR>ONLINE<!--</br></br><span style="color: #00ccff;">Inscrições abertas para 2026!!</span>-->
