{"id":139,"date":"2015-12-14T12:23:12","date_gmt":"2015-12-14T12:23:12","guid":{"rendered":"http:\/\/sedes.org.br\/site\/\/?page_id=139"},"modified":"2026-03-10T08:13:15","modified_gmt":"2026-03-10T11:13:15","slug":"espec-aperf-presencial","status":"publish","type":"page","link":"https:\/\/sedes.org.br\/site\/cursos\/espec-aperf-presencial\/","title":{"rendered":"Especializa\u00e7\u00e3o e Aperfei\u00e7oamento<\/BR>PRESENCIAL e SEMIPRESENCIAL<!--<\/br><\/br><span style=\"color: #00ccff;\">Inscri\u00e7\u00f5es abertas para 2026!!<\/span>-->"},"content":{"rendered":"<!DOCTYPE html PUBLIC \"-\/\/W3C\/\/DTD HTML 4.0 Transitional\/\/EN\" \"http:\/\/www.w3.org\/TR\/REC-html40\/loose.dtd\">\n<html><body><p>Em breve<\/p>\n<\/body><\/html>\n","protected":false},"excerpt":{"rendered":"<p>Em breve<\/p>\n","protected":false},"author":4,"featured_media":0,"parent":143,"menu_order":0,"comment_status":"closed","ping_status":"closed","template":"page-cursos-por-categoria.php","meta":[],"_links":{"self":[{"href":"https:\/\/sedes.org.br\/site\/wp-json\/wp\/v2\/pages\/139"}],"collection":[{"href":"https:\/\/sedes.org.br\/site\/wp-json\/wp\/v2\/pages"}],"about":[{"href":"https:\/\/sedes.org.br\/site\/wp-json\/wp\/v2\/types\/page"}],"author":[{"embeddable":true,"href":"https:\/\/sedes.org.br\/site\/wp-json\/wp\/v2\/users\/4"}],"replies":[{"embeddable":true,"href":"https:\/\/sedes.org.br\/site\/wp-json\/wp\/v2\/comments?post=139"}],"version-history":[{"count":32,"href":"https:\/\/sedes.org.br\/site\/wp-json\/wp\/v2\/pages\/139\/revisions"}],"predecessor-version":[{"id":10301,"href":"https:\/\/sedes.org.br\/site\/wp-json\/wp\/v2\/pages\/139\/revisions\/10301"}],"up":[{"embeddable":true,"href":"https:\/\/sedes.org.br\/site\/wp-json\/wp\/v2\/pages\/143"}],"wp:attachment":[{"href":"https:\/\/sedes.org.br\/site\/wp-json\/wp\/v2\/media?parent=139"}],"curies":[{"name":"wp","href":"https:\/\/api.w.org\/{rel}","templated":true}]}}