{"id":143,"date":"2015-12-14T12:23:41","date_gmt":"2015-12-14T12:23:41","guid":{"rendered":"http:\/\/sedes.org.br\/site\/\/?page_id=143"},"modified":"2025-10-30T12:37:39","modified_gmt":"2025-10-30T15:37:39","slug":"cursos","status":"publish","type":"page","link":"https:\/\/sedes.org.br\/site\/cursos\/","title":{"rendered":"Cursos Especializa\u00e7\u00e3o, Aperfei\u00e7oamento e Expans\u00e3o Cultural"},"content":{"rendered":"<!DOCTYPE html PUBLIC \"-\/\/W3C\/\/DTD HTML 4.0 Transitional\/\/EN\" \"http:\/\/www.w3.org\/TR\/REC-html40\/loose.dtd\">\n<html><body><p><!--\n\n\n<h3><span data-mce-type=\"bookmark\" style=\"display: inline-block; width: 0px; overflow: hidden; line-height: 0;\" class=\"mce_SELRES_start\"><\/span><span data-mce-type=\"bookmark\" style=\"display: inline-block; width: 0px; overflow: hidden; line-height: 0;\" class=\"mce_SELRES_start\"><\/span><a href=\"https:\/\/sedes.org.br\/site\/resultado-de-selecao\/\" rel=\"attachment wp-att-8418\"><img loading=\"lazy\" class=\"alignnone size-full wp-image-8418\" src=\"https:\/\/sedes.org.br\/site\/wp-content\/uploads\/2024\/02\/resultado_selecao_2024.jpg\" alt=\"\" width=\"1350\" height=\"400\" srcset=\"https:\/\/sedes.org.br\/site\/wp-content\/uploads\/2024\/02\/resultado_selecao_2024.jpg 1350w, https:\/\/sedes.org.br\/site\/wp-content\/uploads\/2024\/02\/resultado_selecao_2024-300x89.jpg 300w, https:\/\/sedes.org.br\/site\/wp-content\/uploads\/2024\/02\/resultado_selecao_2024-1024x303.jpg 1024w, https:\/\/sedes.org.br\/site\/wp-content\/uploads\/2024\/02\/resultado_selecao_2024-768x228.jpg 768w, https:\/\/sedes.org.br\/site\/wp-content\/uploads\/2024\/02\/resultado_selecao_2024-640x190.jpg 640w\" sizes=\"(max-width: 1350px) 100vw, 1350px\" \/><\/a><\/h3>\n\n\n--><\/p>\n<p>&nbsp;<\/p>\n<p>&nbsp;<\/p>\n<p class=\"rtejustify\">Uma das vertentes importantes do trabalho do Sedes &eacute; a forma&ccedil;&atilde;o cont&iacute;nua de profissionais atrav&eacute;s de seus cursos que hoje atendem mais de 1 mil alunos. Formar pessoas capazes de exercer seu trabalho com compet&ecirc;ncia, &eacute;tica e dignidade &eacute; o objetivo do corpo docente do Instituto. Seus cursos de especializa&ccedil;&atilde;o e aperfei&ccedil;oamento s&atilde;o dirigidos para o aprimoramento de psic&oacute;logos, m&eacute;dicos, pedagogos, assistentes-sociais e outros profissionais de n&iacute;vel superior, em qualquer momento de sua vida profissional. Estes cursos t&ecirc;m sido reproduzidos em outras institui&ccedil;&otilde;es e universidades marcando assim, um modo de fazer educa&ccedil;&atilde;o sincronizada com as demandas reais do pa&iacute;s. Os alunos do Sedes encontram na Cl&iacute;nica o espa&ccedil;o de forma&ccedil;&atilde;o t&eacute;cnica articulada com as quest&otilde;es &eacute;ticas e pol&iacute;ticas do exerc&iacute;cio profissional.<\/p>\n<p class=\"rtejustify\">J&aacute; os cursos de expans&atilde;o, com dura&ccedil;&atilde;o de aproximadamente tr&ecirc;s meses, s&atilde;o a porta de entrada para todos aqueles que tenham interesses espec&iacute;ficos no desenvolvimento profissional e pessoal. A cada semestre os mais de 30 cursos de expans&atilde;o se renovam tratando de temas espec&iacute;ficos nas &aacute;reas da filosofia, educa&ccedil;&atilde;o e sa&uacute;de mental.<\/p>\n<hr>\n<h5 style=\"text-align: left; padding-left: 120px;\" align=\"justify\"><strong><em><span style=\"color: #01cdae;\">CURSOS PRESENCAIS<\/span><\/em><\/strong><\/h5>\n<hr style=\"padding-left: 120px;\">\n<h5 style=\"text-align: left; padding-left: 120px;\" align=\"justify\"><strong><em><span style=\"color: #01cdae;\">CURSOS ONLINE<\/span><\/em><\/strong><\/h5>\n<h5 style=\"text-align: left; padding-left: 120px;\" align=\"justify\"><strong><em><span style=\"color: #01cdae;\">AT&Eacute; A SUA CONCLUS&Atilde;O O CURSO &Eacute; EXCLUSIVAMENTE ONLINE.<br>\n<\/span><\/em>Os cursos no formato online do Instituto Sedes ser&atilde;o ministrados ao vivo (de forma remota) com a participa&ccedil;&atilde;o do professor e alunos via internet (Google Meet preferencialmente e outras plataformas). Todas as aulas, d&uacute;vidas e debates ser&atilde;o realizados rigorosamente nos dias e hor&aacute;rios indicados de acordo com a carga hor&aacute;ria do curso.<\/strong><br>\n<strong>Para participar o aluno dever&aacute; ter obrigatoriamente conex&atilde;o de internet banda larga e as aulas ser&atilde;o acess&iacute;veis via computador (com c&acirc;mera e microfone)\/ e ou smartphone.<\/strong><\/h5>\n<hr style=\"padding-left: 120px;\">\n<h5 style=\"text-align: left; padding-left: 120px;\" align=\"justify\"><strong><em><span style=\"color: #01cdae;\">ESTE CURSO &Eacute; SEMIPRESENCIAL<\/span><\/em><\/strong><\/h5>\n<h5 style=\"text-align: left; padding-left: 120px;\" align=\"justify\"><strong><em><span style=\"color: #01cdae;\">Parte das aulas ser&atilde;o presenciais e outras online. A Divis&atilde;o dessas aulas depende de cada curso nesse formato<\/span><\/em><\/strong><br>\n<strong><span style=\"color: #01cdae;\">As aulas on-line<\/span>&nbsp;ser&atilde;o ministradas ao vivo (de forma remota) com a participa&ccedil;&atilde;o do professor e alunos via internet, e &eacute; necess&aacute;rio que o aluno tenha conex&atilde;o de internet banda larga e as aulas ser&atilde;o acess&iacute;veis via computador com c&acirc;mera e microfone e ou smartphone.<\/strong><\/h5>\n<hr>\n<p>&nbsp;<\/p>\n<\/body><\/html>\n","protected":false},"excerpt":{"rendered":"<p>&nbsp; &nbsp; Uma das vertentes importantes do trabalho do Sedes &eacute; a forma&ccedil;&atilde;o cont&iacute;nua de profissionais atrav&eacute;s de seus cursos que hoje atendem mais de 1 mil alunos. Formar pessoas capazes de exercer seu trabalho com compet&ecirc;ncia, &eacute;tica e dignidade &eacute; o objetivo do corpo docente do Instituto. Seus cursos de especializa&ccedil;&atilde;o e aperfei&ccedil;oamento s&atilde;o [&hellip;]<\/p>\n","protected":false},"author":4,"featured_media":0,"parent":0,"menu_order":0,"comment_status":"closed","ping_status":"closed","template":"","meta":[],"_links":{"self":[{"href":"https:\/\/sedes.org.br\/site\/wp-json\/wp\/v2\/pages\/143"}],"collection":[{"href":"https:\/\/sedes.org.br\/site\/wp-json\/wp\/v2\/pages"}],"about":[{"href":"https:\/\/sedes.org.br\/site\/wp-json\/wp\/v2\/types\/page"}],"author":[{"embeddable":true,"href":"https:\/\/sedes.org.br\/site\/wp-json\/wp\/v2\/users\/4"}],"replies":[{"embeddable":true,"href":"https:\/\/sedes.org.br\/site\/wp-json\/wp\/v2\/comments?post=143"}],"version-history":[{"count":43,"href":"https:\/\/sedes.org.br\/site\/wp-json\/wp\/v2\/pages\/143\/revisions"}],"predecessor-version":[{"id":9980,"href":"https:\/\/sedes.org.br\/site\/wp-json\/wp\/v2\/pages\/143\/revisions\/9980"}],"wp:attachment":[{"href":"https:\/\/sedes.org.br\/site\/wp-json\/wp\/v2\/media?parent=143"}],"curies":[{"name":"wp","href":"https:\/\/api.w.org\/{rel}","templated":true}]}}

Cursos Especialização, Aperfeiçoamento e Expansão Cultural
