{"id":67,"date":"2015-12-14T11:35:58","date_gmt":"2015-12-14T11:35:58","guid":{"rendered":"http:\/\/sedes.org.br\/site\/\/?page_id=67"},"modified":"2016-01-18T11:59:19","modified_gmt":"2016-01-18T13:59:19","slug":"cnrvv-centro-de-referencia-as-vitimas-de-violencia","status":"publish","type":"page","link":"https:\/\/sedes.org.br\/site\/centros\/cnrvv-centro-de-referencia-as-vitimas-de-violencia\/","title":{"rendered":"CNRVV &#8211; CENTRO DE REFER\u00caNCIA \u00c0S V\u00cdTIMAS DE VIOL\u00caNCIA"},"content":{"rendered":"<!DOCTYPE html PUBLIC \"-\/\/W3C\/\/DTD HTML 4.0 Transitional\/\/EN\" \"http:\/\/www.w3.org\/TR\/REC-html40\/loose.dtd\">\n<html><body><h2>NOT&Iacute;CIA<\/h2>\n<h2><strong>Ap&oacute;s suic&iacute;dio de filho,&nbsp;brit&acirc;nica quer<br>\n&lsquo;viol&ecirc;ncia dom&eacute;stica&rsquo; em escolas&hellip;&nbsp;<\/strong><\/h2>\n<p><em><b>ler not&iacute;cia em&nbsp;<\/b><\/em><a href=\"http:\/\/www.bbc.co.uk\/portuguese\/noticias\/2015\/03\/150306_violencia_domestica_curriculo_mv\" target=\"_blank\">http:\/\/www.bbc.co.uk\/portuguese\/noticias\/2015\/03\/150306_violencia_domestica_curriculo_mv<\/a><\/p>\n<hr>\n<p>&nbsp;<\/p>\n<p class=\"rtejustify\">O CNRVV &ndash; <strong>Centro de Refer&ecirc;ncia &agrave;s V&iacute;timas da Viol&ecirc;ncia<\/strong> do Instituto Sedes Sapientiae&nbsp;objetiva realizar trabalho de combate &agrave; viol&ecirc;ncia dom&eacute;stica, atrav&eacute;s de programas e pol&iacute;ticas de interven&ccedil;&atilde;o.<\/p>\n<p class=\"rtejustify\">Originou-se do N&uacute;cleo de Refer&ecirc;ncia &agrave;s V&iacute;timas da Viol&ecirc;ncia, setor da Cl&iacute;nica Psicol&oacute;gica deste Instituto, em 1994. Articulado e sintonizado com os seus princ&iacute;pios na defesa intransigente dos direitos humanos, do ECA &ndash; Estatuto da Crian&ccedil;a e do Adolescente &ndash; e da cidadania.<\/p>\n<p class=\"rtejustify\">Em 2000, &eacute; referendada pela Diretoria e pelo Conselho do Instituto Sedes Sapientiae a sua inser&ccedil;&atilde;o na inst&acirc;ncia de Centros do Instituto, como Centro de Refer&ecirc;ncia &agrave;s V&iacute;timas da Viol&ecirc;ncia, CNRVV.<\/p>\n<p class=\"rtejustify\">Em 2002 foi vencedor do Pr&ecirc;mio Crian&ccedil;a 2002 da Funda&ccedil;&atilde;o Abrinq &ndash; categoria Viol&ecirc;ncia Dom&eacute;stica.<\/p>\n<p class=\"rtejustify\">Interv&eacute;m no social e na sa&uacute;de mental com programas de: tratamento, preven&ccedil;&atilde;o, forma&ccedil;&atilde;o de profissionais, pesquisa, parcerias\/divulga&ccedil;&atilde;o e administra&ccedil;&atilde;o &ndash; busca alternativas para que a crian&ccedil;a e o adolescente possam romper com o pacto do sil&ecirc;ncio, com a l&oacute;gica da crueldade e interromper o caminho que leva, quase sempre, do lugar da v&iacute;tima ao do agressor.<\/p>\n<p class=\"rtejustify\"><strong>I &ndash; Tratamento<\/strong><\/p>\n<p class=\"rtejustify\">Desenvolve, numa perspectiva transdisciplinar\/interinstitucional, interven&ccedil;&otilde;es concretas e integradas junto a inst&acirc;ncias jur&iacute;dicas, sociais, educacionais e de sa&uacute;de.<\/p>\n<p class=\"rtejustify\">Percurso do caso: plant&atilde;o social telef&ocirc;nico,&nbsp;<strong>triagem, encaminhamento psicossocial no CNRVV ou externo.<\/strong><\/p>\n<p class=\"rtejustify\">Tratamento prioriza o grupo familiar. Quando este n&atilde;o &eacute; poss&iacute;vel, se encaminha para grupos: crian&ccedil;as, adolescentes, pais\/respons&aacute;veis, casais, agressores, utilizando-se como instrumentos das t&eacute;cnicas psicodram&aacute;ticas, psicanal&iacute;ticas e \/ou sist&ecirc;micas.<\/p>\n<p class=\"rtejustify\">O CNRVV &eacute; conveniado com a SMADS &ndash; Secretaria Municipal de Assist&ecirc;ncia e Desenvolvimento Social para execu&ccedil;&atilde;o do Programa Sentinela, das regi&otilde;es norte e oeste da cidade de S&atilde;o Paulo.<\/p>\n<p class=\"rtejustify\">O Programa Sentinela tem por objetivo atender, atrav&eacute;s de um conjunto articulado de a&ccedil;&otilde;es, crian&ccedil;as e adolescentes abusados ou explorados sexualmente; Criar condi&ccedil;&otilde;es que possibilitem &agrave;s crian&ccedil;as e adolescentes vitimados sexualmente e &agrave;s suas fam&iacute;lias, o resgate dos seus direitos, bem como o acesso aos servi&ccedil;os de assist&ecirc;ncia social, sa&uacute;de, educa&ccedil;&atilde;o, justi&ccedil;a e seguran&ccedil;a, esporte, lazer e cultura.<\/p>\n<p class=\"rtejustify\"><strong>II &ndash; Preven&ccedil;&atilde;o<\/strong><\/p>\n<ul>\n<li class=\"rtejustify\">Cria&ccedil;&atilde;o de P&oacute;los de Profilaxia &ndash; em equipamentos s&oacute;cio-educacionais como creches e n&uacute;cleos s&oacute;cio educativos da cidade de S&atilde;o Paulo &ndash; dois por regi&atilde;o &ndash; visa a preven&ccedil;&atilde;o da viol&ecirc;ncia dom&eacute;stica, a forma&ccedil;&atilde;o de multiplicadores e o desenvolvimento da cidadania.<\/li>\n<li class=\"rtejustify\">Amplia&ccedil;&atilde;o do n&uacute;mero de p&oacute;los de preven&ccedil;&atilde;o &ndash; abrang&ecirc;ncia e repercuss&atilde;o social nas institui&ccedil;&otilde;es e popula&ccedil;&otilde;es locais evitam a emerg&ecirc;ncia das situa&ccedil;&otilde;es de risco e promovem melhor prote&ccedil;&atilde;o &agrave;s crian&ccedil;as e aos adolescentes; J&aacute; foram implantados treze p&oacute;los. Foram implantados 20 novos p&oacute;los de preven&ccedil;&atilde;o no per&iacute;odo de 2005\/2007, em parceria com o<strong>Instituto WCF Brasil&nbsp;<\/strong>(World Childhood Foundation) e a Funda&ccedil;&atilde;o Abrinq.<\/li>\n<\/ul>\n<p class=\"rtejustify\">Atualmente, est&aacute; em andamento projeto em parceria com a Secretaria Municipal de Assist&ecirc;ncia e Desenvolvimento Social &ndash; SMADS para capacita&ccedil;&atilde;o e implanta&ccedil;&atilde;o novos p&oacute;los de preven&ccedil;&atilde;o nos N&uacute;cleo S&oacute;cio Educativos de diversas regi&otilde;es de S&atilde;o Paulo.<\/p>\n<p class=\"rtejustify\"><strong>&nbsp;<\/strong><\/p>\n<ul>\n<li class=\"rtejustify\">Expectativa de amplia&ccedil;&atilde;o para escolas da rede p&uacute;blica e\/ou particular, bem como outros equipamentos sociais &ndash; dependendo para isso de novos financiamentos estatais ou privados.<\/li>\n<\/ul>\n<p class=\"rtejustify\"><strong>III &ndash; Forma&ccedil;&atilde;o<\/strong><\/p>\n<ul>\n<li class=\"rtejustify\">Curso de Aperfei&ccedil;oamento em Viol&ecirc;ncia Dom&eacute;stica, numa vis&atilde;o transdisciplinar; dura&ccedil;&atilde;o de dois anos (sendo o segundo ano opcional) &ndash; destinado a profissionais que trabalham ou queiram trabalhar com esta tem&aacute;tica. Aulas ministradas pelos profissionais do CNRVV, bem como por professores convidados.<\/li>\n<li class=\"rtejustify\">Capacita&ccedil;&atilde;o de profissionais &ndash; Realiza programas de capacita&ccedil;&atilde;o em institui&ccedil;&otilde;es compostas por t&eacute;cnicos, como: assistentes sociais, educadores, psic&oacute;logos e\/ou conselheiros, tanto na cidade de S&atilde;o Paulo como em outras cidades do Pa&iacute;s.<\/li>\n<li class=\"rtejustify\">Palestras, workshops, congressos, jornadas &ndash; onde a conscientiza&ccedil;&atilde;o do imprescind&iacute;vel envolvimento e comprometimento dos profissionais com a causa da Viol&ecirc;ncia Dom&eacute;stica &eacute; constantemente trabalhada, bem como as orienta&ccedil;&otilde;es sobre a necessidade de entendimento do fen&ocirc;meno e conseq&uuml;ente organiza&ccedil;&atilde;o para a busca do enfrentamento s&atilde;o divulgados a partir de nossa experi&ecirc;ncia.<\/li>\n<\/ul>\n<p class=\"rtejustify\"><strong>IV- Pesquisa:<\/strong><\/p>\n<p class=\"rtejustify\">O CNRVV desenvolve pesquisa junto &agrave;s diferentes &aacute;reas de trabalho com objetivo de aprimorar a metodologia de interven&ccedil;&atilde;o. Visa a produ&ccedil;&atilde;o de conhecimento que permita superar radicalmente o senso comum, a abordagem moralizadora e normativa do fen&ocirc;meno, podendo assim produzir metodologias espec&iacute;ficas para esta praxis.<\/p>\n<ul>\n<li class=\"rtejustify\">No tratamento, busca estabelecer um perfil dos personagens envolvidos no drama da viol&ecirc;ncia dom&eacute;stica e as diferentes formas de interven&ccedil;&otilde;es utilizadas.<\/li>\n<li class=\"rtejustify\">Na preven&ccedil;&atilde;o, estabelece o perfil da popula&ccedil;&atilde;o atendida &ndash; pais, crian&ccedil;as\/adolescentes, agentes educacionais &ndash; tendo em vista a quest&atilde;o da viol&ecirc;ncia dom&eacute;stica e a efic&aacute;cia das interven&ccedil;&otilde;es realizadas.<\/li>\n<li class=\"rtejustify\">Em andamento, pesquisa em parceria com UNICEF:&nbsp;<strong>&ldquo;Sistemas de notifica&ccedil;&atilde;o e detec&ccedil;&atilde;o da viol&ecirc;ncia em escolas p&uacute;blicas\/Propostas para integra&ccedil;&atilde;o entre projetos pol&iacute;ticos, pedag&oacute;gicos e o sistema de garantia de direitos&rdquo;<\/strong>.<\/li>\n<\/ul>\n<p class=\"rtejustify\"><strong>V &ndash; Parcerias e Divulga&ccedil;&atilde;o<\/strong><\/p>\n<ul>\n<li class=\"rtejustify\">Amplia&ccedil;&atilde;o e fortalecimento das parcerias visando uma Rede de Servi&ccedil;os que cubra as diferentes e complexas exig&ecirc;ncias de atendimento e encaminhamento da crian&ccedil;a\/adolescente &ldquo;vitimizado&rdquo;, de sua fam&iacute;lia e do agressor.<\/li>\n<li class=\"rtejustify\">Busca de maior agilidade e rigor nos procedimentos necess&aacute;rios &agrave; prote&ccedil;&atilde;o da crian&ccedil;a e do adolescente, o que implica uma articula&ccedil;&atilde;o mais estreita com a rede de servi&ccedil;os; Integra a Rede de Apoio de P&oacute;los Nacionais Lacri, constituindo-se no P&oacute;lo 3 da regi&atilde;o Sudeste. Participa, enquanto P3 da Campanha pela ABOLI&Ccedil;&Atilde;O DA PUNI&Ccedil;&Atilde;O CORPORAL DE CRIAN&Ccedil;AS E ADOLESCENTES NO BRASIL.<\/li>\n<li class=\"rtejustify\">Participa da Comiss&atilde;o Estadual de Enfrentamento &agrave; Viol&ecirc;ncia e Explora&ccedil;&atilde;o Sexual contra Crian&ccedil;as e Adolescentes.<\/li>\n<li class=\"rtejustify\">Participa do Grupo de Estudos da Viol&ecirc;ncia da SOCIEDADE BRASILEIRA PEDIATRIA.<\/li>\n<li class=\"rtejustify\">Integra a Frente Parlamentar de Enfrentamento &agrave; Viol&ecirc;ncia e Explora&ccedil;&atilde;o Sexual contra Crian&ccedil;as e Adolescentes do Estado de S&atilde;o Paulo.<\/li>\n<li class=\"rtejustify\">A reivindica&ccedil;&atilde;o, junto aos &oacute;rg&atilde;os governamentais e da sociedade civil, de equipamentos nas &aacute;reas de assist&ecirc;ncia e educa&ccedil;&atilde;o que se constituam em retaguarda de encaminhamento dos casos mais graves;<\/li>\n<li class=\"rtejustify\">A realiza&ccedil;&atilde;o de a&ccedil;&otilde;es integradas em uma comunidade &ndash; por exemplo &ndash; a cria&ccedil;&atilde;o de projeto piloto &ndash; a fim de gerar pol&iacute;ticas p&uacute;blicas.<\/li>\n<li class=\"rtejustify\">A realiza&ccedil;&atilde;o de F&oacute;runs de Debate mensais utilizando temas como estrat&eacute;gia para sensibilizar a rede de parceiros.<\/li>\n<li class=\"rtejustify\">A participa&ccedil;&atilde;o do CNRVV em F&oacute;runs, discuss&otilde;es regionalizadas e movimentos sociais de defesa da crian&ccedil;a e do adolescente;<\/li>\n<li class=\"rtejustify\">A produ&ccedil;&atilde;o e desenvolvimento de instrumentos de comunica&ccedil;&atilde;o que permitam a difus&atilde;o e troca de id&eacute;ias entre os parceiros: folder, fita K7 para programa em r&aacute;dios oficiais e comunit&aacute;rias, etc.<\/li>\n<li class=\"rtejustify\">A divulga&ccedil;&atilde;o das publica&ccedil;&otilde;es do CNRVV:\n<ul>\n<li>Livro:&nbsp;<strong>&ldquo;O Fim do Sil&ecirc;ncio na Viol&ecirc;ncia Familiar &ndash; Teoria e Pr&aacute;tica&rdquo;,&nbsp;<\/strong>(orgs) Dalka Ferrari e Tereza Vecina, Editora &Aacute;gora, SP, 2002.<\/li>\n<li>Publica&ccedil;&atilde;o Abrinq:&nbsp;<strong>&ldquo; O fim da Omiss&atilde;o: A implanta&ccedil;&atilde;o de P&oacute;los de Preven&ccedil;&atilde;o&rdquo;<\/strong>, autoria da equipe do CNRVV, 2002.<\/li>\n<\/ul>\n<\/li>\n<li class=\"rtejustify\">A busca constante de financiamento para garantir a autonomia financeira do CNRVV &ndash; capta&ccedil;&atilde;o de recursos financeiros que sustente o trabalho em equipe, incluindo necessariamente a &aacute;rea de tratamento e a capacita&ccedil;&atilde;o cont&iacute;nua dos profissionais do CNRVV;<\/li>\n<\/ul>\n<p class=\"rtejustify\">VI &ndash; Administra&ccedil;&atilde;o:<\/p>\n<p class=\"rtejustify\">&Aacute;rea respons&aacute;vel pela administra&ccedil;&atilde;o e gerenciamento dos recursos financeiros e materiais (da estrutura necess&aacute;ria para funcionamento).<\/p>\n<p class=\"rtejustify\"><strong>Conclus&atilde;o<\/strong><\/p>\n<p class=\"rtejustify\">Para finalizar, o CNRVV realiza seus programas observando sempre um cuidado com a pr&oacute;pria equipe de trabalho, fortalecendo os mecanismos internos de coes&atilde;o e solidariedade, para que os aspectos destrutivos intr&iacute;nsecos ao fen&ocirc;meno com o qual lidamos n&atilde;o retire a vitalidade necess&aacute;ria a este trabalho.<\/p>\n<p class=\"rtejustify\"><strong>PUBLICA&Ccedil;&Otilde;ES:<\/strong><\/p>\n<p><strong>Guia para Atendimento de CRIAN&Ccedil;AS e ADOLESCENTES V&iacute;timas de Viol&ecirc;ncia<\/strong><\/p>\n<p class=\"rteindent1\"><strong><a href=\"http:\/\/www.sedes.org.br\/Centros\/12357_Capas.pdf\" target=\"_blank\">CAPA<\/a><\/strong><br>\n<strong><a href=\"http:\/\/www.sedes.org.br\/Centros\/12357_Miolo.pdf\" target=\"_blank\">TEXTO (MIOLO)<\/a><\/strong><\/p>\n<p>&nbsp;<\/p>\n<p><strong>RE Constru&ccedil;&atilde;o de VIDAS<\/strong><\/p>\n<p class=\"rteindent1\"><strong><a href=\"http:\/\/www.sedes.org.br\/Centros\/12358_Capas.pdf\" target=\"_blank\">CAPA<\/a><\/strong><br>\n<strong><a href=\"http:\/\/www.sedes.org.br\/Centros\/12358_Miolo.pdf\" target=\"_blank\">TEXTO (MIOLO)<\/a><\/strong><\/p>\n<p>&nbsp;<\/p>\n<p><strong><a href=\"http:\/\/www.sedes.org.br\/Centros\/o_fim_da_omissao.pdf\" target=\"_blank\">O Fim da Omiss&atilde;o<\/a><\/strong><\/p>\n<p><strong>A implanta&ccedil;&atilde;o de p&oacute;los de preven&ccedil;&atilde;o &agrave; viol&ecirc;ncia dom&eacute;stica&nbsp;<\/strong><\/p>\n<p>&nbsp;<\/p>\n<p><strong><a href=\"http:\/\/www.sedes.org.br\/Centros\/cartilha_PIAR.pdf\">PIAR em ninho Virtual &ndash; Cartilha do PIAR<\/a><\/strong><\/p>\n<\/body><\/html>\n","protected":false},"excerpt":{"rendered":"<p>NOT&Iacute;CIA Ap&oacute;s suic&iacute;dio de filho,&nbsp;brit&acirc;nica quer &lsquo;viol&ecirc;ncia dom&eacute;stica&rsquo; em escolas&hellip;&nbsp; ler not&iacute;cia em&nbsp;http:\/\/www.bbc.co.uk\/portuguese\/noticias\/2015\/03\/150306_violencia_domestica_curriculo_mv &nbsp; O CNRVV &ndash; Centro de Refer&ecirc;ncia &agrave;s V&iacute;timas da Viol&ecirc;ncia do Instituto Sedes Sapientiae&nbsp;objetiva realizar trabalho de combate &agrave; viol&ecirc;ncia dom&eacute;stica, atrav&eacute;s de programas e pol&iacute;ticas de interven&ccedil;&atilde;o. Originou-se do N&uacute;cleo de Refer&ecirc;ncia &agrave;s V&iacute;timas da Viol&ecirc;ncia, setor da Cl&iacute;nica Psicol&oacute;gica [&hellip;]<\/p>\n","protected":false},"author":4,"featured_media":0,"parent":69,"menu_order":0,"comment_status":"closed","ping_status":"closed","template":"","meta":[],"_links":{"self":[{"href":"https:\/\/sedes.org.br\/site\/wp-json\/wp\/v2\/pages\/67"}],"collection":[{"href":"https:\/\/sedes.org.br\/site\/wp-json\/wp\/v2\/pages"}],"about":[{"href":"https:\/\/sedes.org.br\/site\/wp-json\/wp\/v2\/types\/page"}],"author":[{"embeddable":true,"href":"https:\/\/sedes.org.br\/site\/wp-json\/wp\/v2\/users\/4"}],"replies":[{"embeddable":true,"href":"https:\/\/sedes.org.br\/site\/wp-json\/wp\/v2\/comments?post=67"}],"version-history":[{"count":2,"href":"https:\/\/sedes.org.br\/site\/wp-json\/wp\/v2\/pages\/67\/revisions"}],"predecessor-version":[{"id":186,"href":"https:\/\/sedes.org.br\/site\/wp-json\/wp\/v2\/pages\/67\/revisions\/186"}],"up":[{"embeddable":true,"href":"https:\/\/sedes.org.br\/site\/wp-json\/wp\/v2\/pages\/69"}],"wp:attachment":[{"href":"https:\/\/sedes.org.br\/site\/wp-json\/wp\/v2\/media?parent=67"}],"curies":[{"name":"wp","href":"https:\/\/api.w.org\/{rel}","templated":true}]}}